{"id":11,"date":"2018-03-27T10:32:55","date_gmt":"2018-03-27T10:32:55","guid":{"rendered":"https:\/\/kirchspiel-lohn.de\/?page_id=11"},"modified":"2018-05-18T20:14:56","modified_gmt":"2018-05-18T20:14:56","slug":"aktuelles","status":"publish","type":"page","link":"https:\/\/kirchspiel-lohn.de\/?page_id=11","title":{"rendered":"Programm"},"content":{"rendered":"<p><img loading=\"lazy\" decoding=\"async\" class=\"alignright wp-image-165\" src=\"https:\/\/kirchspiel-lohn.de\/wp-content\/uploads\/2018\/05\/Logo-2018-1.3-beta1-380px.png\" alt=\"\" width=\"260\" height=\"315\" srcset=\"https:\/\/kirchspiel-lohn.de\/wp-content\/uploads\/2018\/05\/Logo-2018-1.3-beta1-380px.png 380w, https:\/\/kirchspiel-lohn.de\/wp-content\/uploads\/2018\/05\/Logo-2018-1.3-beta1-380px-248x300.png 248w\" sizes=\"auto, (max-width: 260px) 100vw, 260px\" \/>Wie ist es eigentlich den Menschen aus unseren alten Orten nach der Umsiedlung ergangen? Was wurde aus den H\u00f6fen, Gesch\u00e4ften und Betrieben? Wie haben sich die Vereine und Institutionen entwickelt?<\/p>\n<p>Es gibt viel zu erz\u00e4hlen und zu erfahren und wir m\u00f6chten die vergangene Zeit gemeinsam Revue passieren lassen!<\/p>\n<p>Am Samstag, den 16. Juni 2018, ab 20:00 Uhr, feiern wir mit Livemusik im und rund um den Gasthof Rinkens und dem Rinkens Loft.\u00a0\u201e<span style=\"font-size: medium;\">Ein Abend f\u00fcr alle jungen und jung gebliebenen\u201c mit\u00a0Heartbeat, die Live Coverband aus Eschweiler.<\/span><\/p>\n<p>Der Sonntag, 17. Juni 2018, steht ganz im Zeichen des Wiedersehens und der Familien. Wir beginnen den Tag um 9:15 Uhr mit einem Gottesdienst und anschlie\u00dfendem kurzen Festakt in der Pfarrkirche St. Silvester Lohn. Nach dem Totengedenken auf dem Friedhof findet ab 11:00 Uhr ein z\u00fcnftiger musikalischer Fr\u00fchschoppen im Gasthof Rinkens statt.<\/p>\n<p>Eine Ausstellung gibt Gelegenheit, sich an ernste Begebenheiten und lustige Anekdoten zu erinnern und diese noch einmal zu teilen. Informieren Sie bitte alle, f\u00fcr die diese Veranstaltung interessant sein k\u00f6nnte. N\u00e4here Informationen rund um unser Jubil\u00e4um finden sie hier auf unserer Webseite.<\/p>\n<p>&nbsp;<\/p>\n<h3>Veranstaltungsprogramm<\/h3>\n<h5>Tag 1 &#8211; 16.06.2018<\/h5>\n<p>20:00 Uhr,\u00a0<span style=\"font-size: medium;\">Gasthof Rinkens: Heartbeat, die Live Coverband aus Eschweiler<\/span><\/p>\n<h5>Tag 2 &#8211; 17.06.2018<\/h5>\n<p><span style=\"font-size: medium;\">09:15 Uhr, Pfarrkirche St. Silvester:\u00a0Gottesdienst und Festakt unter Mitwirkung von Frohsinn Lohn<br \/>\n11:00 Uhr, Friedhof:\u00a0Totengedenken <\/span><span style=\"font-size: medium;\"><br \/>\n12:00 Uhr, Gasthof Rinkens:\u00a0<\/span><\/p>\n<ul>\n<li><span style=\"font-size: medium;\">Er\u00f6ffnung der Ausstellung<\/span><\/li>\n<li><span style=\"font-size: medium;\">Musikalischer Fr\u00fchschoppen:\u00a0\u201eDie Kleinenbroicher\u201c\u00a0<\/span><\/li>\n<li><span style=\"font-size: medium;\">Start der Geocache Aktivit\u00e4t \u201eKirchspiel Lohn\u201c<\/span><\/li>\n<\/ul>\n<p><span style=\"font-size: medium;\">13:00 Uhr, Gasthof Rinkens: Start der E-Bike Touren Kirchspielswanderweg und historischer Pfad<br \/>\n<\/span><span style=\"font-size: medium;\">14:00 Uhr: Gef\u00fchrte Bustour durch die Rekultivierung zu den Gedenksteinen der umgesiedelten Orte und zur Ged\u00e4chtniskapelle<br \/>\n<\/span><span style=\"font-size: medium;\">17:00 Uhr, Gasthof Rinekns: Ausklang beim deutschen Auftaktspiel der Fu\u00dfballweltmeisterschaft<\/span><span style=\"font-size: medium;\"><br \/>\n<\/span><\/p>\n<p>&nbsp;<\/p>\n<p>Wir freuen uns auf Ihren Besuch.<br \/>\nIhr und Euer\u00a0F\u00f6rderverein<br \/>\n50 Jahre Umsiedlung Kirchspiel Lohn e.V.<\/p>\n","protected":false},"excerpt":{"rendered":"<p>Wie ist es eigentlich den Menschen aus unseren alten Orten nach der Umsiedlung ergangen? Was wurde aus den H\u00f6fen, Gesch\u00e4ften und Betrieben? Wie haben sich die Vereine und Institutionen entwickelt? Es gibt viel zu erz\u00e4hlen und zu erfahren und wir m\u00f6chten die vergangene Zeit gemeinsam Revue passieren lassen! Am Samstag, den 16. Juni 2018, ab [&hellip;]<\/p>\n","protected":false},"author":1,"featured_media":0,"parent":0,"menu_order":0,"comment_status":"closed","ping_status":"closed","template":"fullwidth.php","meta":{"ngg_post_thumbnail":0,"footnotes":""},"class_list":["post-11","page","type-page","status-publish","hentry"],"jetpack_sharing_enabled":true,"jetpack_shortlink":"https:\/\/wp.me\/P9TOJ2-b","_links":{"self":[{"href":"https:\/\/kirchspiel-lohn.de\/index.php?rest_route=\/wp\/v2\/pages\/11","targetHints":{"allow":["GET"]}}],"collection":[{"href":"https:\/\/kirchspiel-lohn.de\/index.php?rest_route=\/wp\/v2\/pages"}],"about":[{"href":"https:\/\/kirchspiel-lohn.de\/index.php?rest_route=\/wp\/v2\/types\/page"}],"author":[{"embeddable":true,"href":"https:\/\/kirchspiel-lohn.de\/index.php?rest_route=\/wp\/v2\/users\/1"}],"replies":[{"embeddable":true,"href":"https:\/\/kirchspiel-lohn.de\/index.php?rest_route=%2Fwp%2Fv2%2Fcomments&post=11"}],"version-history":[{"count":11,"href":"https:\/\/kirchspiel-lohn.de\/index.php?rest_route=\/wp\/v2\/pages\/11\/revisions"}],"predecessor-version":[{"id":166,"href":"https:\/\/kirchspiel-lohn.de\/index.php?rest_route=\/wp\/v2\/pages\/11\/revisions\/166"}],"wp:attachment":[{"href":"https:\/\/kirchspiel-lohn.de\/index.php?rest_route=%2Fwp%2Fv2%2Fmedia&parent=11"}],"curies":[{"name":"wp","href":"https:\/\/api.w.org\/{rel}","templated":true}]}}