{"id":43,"date":"2018-03-27T11:27:05","date_gmt":"2018-03-27T11:27:05","guid":{"rendered":"https:\/\/kirchspiel-lohn.de\/?page_id=43"},"modified":"2018-03-27T13:48:12","modified_gmt":"2018-03-27T13:48:12","slug":"impressum","status":"publish","type":"page","link":"https:\/\/kirchspiel-lohn.de\/?page_id=43","title":{"rendered":"Impressum"},"content":{"rendered":"<h4><strong>VERANTWORTLICH F\u00dcR DEN INHALT DER SEITE \/ BETREIBER<\/strong><\/h4>\n<p>F\u00f6rderverein 50 Jahre Umsiedlung Kirchspiel Lohn e.V.<br \/>\nMatthias Schmitz<br \/>\nLeo-Meuser-Str. 14<br \/>\n52249 Eschweiler<\/p>\n<h4><strong>BILDER, GRAFIKEN UND URHEBERRECHT:<\/strong><\/h4>\n<p>Die durch den Betreiber erstellten Inhalte und Werke auf diesen Seiten unterliegen dem deutschen Urheberrecht. Die Vervielf\u00e4ltigung, Bearbeitung, Verbreitung und jede Art der Verwertung au\u00dferhalb der Grenzen des Urheberrechtes bed\u00fcrfen der schriftlichen Zustimmung des jeweiligen Autors bzw. Erstellers. Die verwendeten Bilder und Grafiken sind entweder eigenes geistiges Eigentum oder stehen unter der CC0 Public Domain.<\/p>\n<p>Soweit die Inhalte auf dieser Seite nicht vom Betreiber erstellt wurden, werden die Urheberrechte Dritter beachtet. Sollten Sie trotzdem auf eine Urheberrechtsverletzung aufmerksam werden, bitten wir um einen entsprechenden Hinweis. Bei Bekanntwerden von Rechtsverletzungen werden wir derartige Inhalte umgehend entfernen.<\/p>\n<h4><strong>TECHNISCHE UMSETZUNG<\/strong><\/h4>\n<p>Marcel Cuvelier \u2013 mcconn.de<br \/>\nIT- und Kommunikationsdienstleistungen<br \/>\n<a href=\"http:\/\/www.mcconn.de\/\" target=\"_blank\" rel=\"noopener\">http:\/\/www.mcconn.de<\/a><\/p>\n","protected":false},"excerpt":{"rendered":"<p>VERANTWORTLICH F\u00dcR DEN INHALT DER SEITE \/ BETREIBER F\u00f6rderverein 50 Jahre Umsiedlung Kirchspiel Lohn e.V. Matthias Schmitz Leo-Meuser-Str. 14 52249 Eschweiler BILDER, GRAFIKEN UND URHEBERRECHT: Die durch den Betreiber erstellten Inhalte und Werke auf diesen Seiten unterliegen dem deutschen Urheberrecht. Die Vervielf\u00e4ltigung, Bearbeitung, Verbreitung und jede Art der Verwertung au\u00dferhalb der Grenzen des Urheberrechtes bed\u00fcrfen [&hellip;]<\/p>\n","protected":false},"author":1,"featured_media":0,"parent":8,"menu_order":50,"comment_status":"closed","ping_status":"closed","template":"fullwidth.php","meta":{"ngg_post_thumbnail":0,"footnotes":""},"class_list":["post-43","page","type-page","status-publish","hentry"],"jetpack_sharing_enabled":true,"jetpack_shortlink":"https:\/\/wp.me\/P9TOJ2-H","_links":{"self":[{"href":"https:\/\/kirchspiel-lohn.de\/index.php?rest_route=\/wp\/v2\/pages\/43","targetHints":{"allow":["GET"]}}],"collection":[{"href":"https:\/\/kirchspiel-lohn.de\/index.php?rest_route=\/wp\/v2\/pages"}],"about":[{"href":"https:\/\/kirchspiel-lohn.de\/index.php?rest_route=\/wp\/v2\/types\/page"}],"author":[{"embeddable":true,"href":"https:\/\/kirchspiel-lohn.de\/index.php?rest_route=\/wp\/v2\/users\/1"}],"replies":[{"embeddable":true,"href":"https:\/\/kirchspiel-lohn.de\/index.php?rest_route=%2Fwp%2Fv2%2Fcomments&post=43"}],"version-history":[{"count":4,"href":"https:\/\/kirchspiel-lohn.de\/index.php?rest_route=\/wp\/v2\/pages\/43\/revisions"}],"predecessor-version":[{"id":57,"href":"https:\/\/kirchspiel-lohn.de\/index.php?rest_route=\/wp\/v2\/pages\/43\/revisions\/57"}],"up":[{"embeddable":true,"href":"https:\/\/kirchspiel-lohn.de\/index.php?rest_route=\/wp\/v2\/pages\/8"}],"wp:attachment":[{"href":"https:\/\/kirchspiel-lohn.de\/index.php?rest_route=%2Fwp%2Fv2%2Fmedia&parent=43"}],"curies":[{"name":"wp","href":"https:\/\/api.w.org\/{rel}","templated":true}]}}