{"id":8,"date":"2018-03-27T10:32:55","date_gmt":"2018-03-27T10:32:55","guid":{"rendered":"https:\/\/kirchspiel-lohn.de\/?page_id=8"},"modified":"2018-04-27T10:12:50","modified_gmt":"2018-04-27T10:12:50","slug":"verein","status":"publish","type":"page","link":"https:\/\/kirchspiel-lohn.de\/?page_id=8","title":{"rendered":"Verein"},"content":{"rendered":"<p>Zur Gestaltung des am 16. und 17. Juni geplanten Jubil\u00e4umsfest wurde der F\u00f6rderverein 50 Jahre Umsiedlung Kirchspiel Lohn vor einigen Monaten gegr\u00fcndet. Weitere Informationen zum Verein finden Sie in K\u00fcrze hier.<\/p>\n","protected":false},"excerpt":{"rendered":"<p>Zur Gestaltung des am 16. und 17. Juni geplanten Jubil\u00e4umsfest wurde der F\u00f6rderverein 50 Jahre Umsiedlung Kirchspiel Lohn vor einigen Monaten gegr\u00fcndet. Weitere Informationen zum Verein finden Sie in K\u00fcrze hier.<\/p>\n","protected":false},"author":1,"featured_media":0,"parent":0,"menu_order":0,"comment_status":"closed","ping_status":"closed","template":"","meta":{"ngg_post_thumbnail":0,"footnotes":""},"class_list":["post-8","page","type-page","status-publish","hentry"],"jetpack_sharing_enabled":true,"jetpack_shortlink":"https:\/\/wp.me\/P9TOJ2-8","_links":{"self":[{"href":"https:\/\/kirchspiel-lohn.de\/index.php?rest_route=\/wp\/v2\/pages\/8","targetHints":{"allow":["GET"]}}],"collection":[{"href":"https:\/\/kirchspiel-lohn.de\/index.php?rest_route=\/wp\/v2\/pages"}],"about":[{"href":"https:\/\/kirchspiel-lohn.de\/index.php?rest_route=\/wp\/v2\/types\/page"}],"author":[{"embeddable":true,"href":"https:\/\/kirchspiel-lohn.de\/index.php?rest_route=\/wp\/v2\/users\/1"}],"replies":[{"embeddable":true,"href":"https:\/\/kirchspiel-lohn.de\/index.php?rest_route=%2Fwp%2Fv2%2Fcomments&post=8"}],"version-history":[{"count":3,"href":"https:\/\/kirchspiel-lohn.de\/index.php?rest_route=\/wp\/v2\/pages\/8\/revisions"}],"predecessor-version":[{"id":112,"href":"https:\/\/kirchspiel-lohn.de\/index.php?rest_route=\/wp\/v2\/pages\/8\/revisions\/112"}],"wp:attachment":[{"href":"https:\/\/kirchspiel-lohn.de\/index.php?rest_route=%2Fwp%2Fv2%2Fmedia&parent=8"}],"curies":[{"name":"wp","href":"https:\/\/api.w.org\/{rel}","templated":true}]}}